{"id":1034,"date":"2024-09-02T08:02:32","date_gmt":"2024-09-02T08:02:32","guid":{"rendered":"https:\/\/hepsor.lv\/zalajugla\/place\/"},"modified":"2024-09-02T08:02:32","modified_gmt":"2024-09-02T08:02:32","slug":"place","status":"publish","type":"page","link":"https:\/\/hepsor.lv\/zalajugla\/place\/?lang=en","title":{"rendered":"Place"},"content":{"rendered":"","protected":false},"excerpt":{"rendered":"","protected":false},"author":1,"featured_media":417,"parent":0,"menu_order":0,"comment_status":"closed","ping_status":"closed","template":"page-templates\/place-page.php","meta":{"footnotes":""},"class_list":["post-1034","page","type-page","status-publish","has-post-thumbnail","hentry"],"meta_box":{"environment_video_url":"","mobile_thumbnail":{"width":150,"height":150,"file":"2024\/12\/place-mob.png","filesize":1399484,"sizes":{"medium":{"file":"place-mob-265x300.png","width":265,"height":300,"mime-type":"image\/png","filesize":175196,"url":"https:\/\/hepsor.lv\/zalajugla\/wp-content\/uploads\/2024\/12\/place-mob-265x300.png"},"thumbnail":{"file":"place-mob-150x150.png","width":150,"height":150,"mime-type":"image\/png","filesize":51033,"url":"https:\/\/hepsor.lv\/zalajugla\/wp-content\/uploads\/2024\/12\/place-mob-150x150.png"},"medium_large":{"file":"place-mob-768x868.png","width":768,"height":868,"mime-type":"image\/png","filesize":1328200,"url":"https:\/\/hepsor.lv\/zalajugla\/wp-content\/uploads\/2024\/12\/place-mob-768x868.png"}},"image_meta":{"aperture":"0","credit":"","camera":"","caption":"","created_timestamp":"0","copyright":"","focal_length":"0","iso":"0","shutter_speed":"0","title":"","orientation":"0","keywords":[]},"ID":"509","name":"place-mob.png","path":"\/data03\/virt47869\/domeenid\/www.hepsor.ee\/lv\/zalajugla\/wp-content\/uploads\/2024\/12\/place-mob.png","url":"https:\/\/hepsor.lv\/zalajugla\/wp-content\/uploads\/2024\/12\/place-mob-150x150.png","full_url":"https:\/\/hepsor.lv\/zalajugla\/wp-content\/uploads\/2024\/12\/place-mob.png","title":"place-mob","caption":"","description":"","alt":"","srcset":false},"stats":[],"building_stats":[],"title_group":{"title":["Gravenheide Manor \u2013","summer residence","on the shore of Lake Jugla"],"description":"The neighbourhood of Jugla has an old history and a magical atmosphere that people have appreciated for centuries. 18. During the mid-18th century, on the shore of Lake Jugla, a suburban summer residence was built in the best Baroque traditions \u2013 Gravenheide Manor. It belonged to a merchant, a senior member of the Great Guild, senior Blackhead and Blue Guard Commander or rotmeister Ernst Heydevogel (1723\u20131788). ","citation_group":{"citation":"95","author":"Johann Gottfried Von Herder","subtitle":"Philosopher, Poet","description":"Source: General and Practical Knowledge Library. Volume 5 (1905). Painting by V. Budberg, 1780\u20141781","author_image":"98"}},"attractions_group":{"title":"Surrounding amenities","attraction":[{"title":"Transport \/ Mobility","description":"Flowing along the capital city's main thoroughfare, Jugla offers you a wide range of mobility options. It is the first and last stop in the city of R\u012bga, where all inter-city buses stop that are heading towards Vidzeme. ","image":"99"},{"title":"The Open-Air Museum","description":"On other side of Like Jugla is a unique museum, which is one of the oldest and largest open-air museums in Europe, which welcomed visitors to first museum exhibition in 1932.  ","image":"100"},{"title":"Active leisure opportunities","description":"Nature lovers will appreciate taking walks in a green environment where they can enjoy active leisure and chill out throughout the year. Jugla's secret jewel, Lake B\u0101bel\u012btis will charm you with its suburban atmosphere, offering you a pristine beach zone, as well as a forest trail around the lake and a playground.","image":"102"},{"title":"R\u012bga Motor Museum","description":"The biggest vintage vehicle museum in the Baltic States, which was founded in 1989 at the initiative of the Latvian Antique Automobile Club.  The museum is in east R\u012bga, in Me\u017eciems, right next to the Jugla territory. Muzejs atrodas R\u012bgas austrumu da\u013c\u0101, Me\u017eciem\u0101, pie pa\u0161as Juglas teritorijas robe\u017eas. ","image":"101"},{"title":"Eating out","description":"Visit the family restaurants \"Veranda\" and \"Bea Basil\", the caf\u00e9 \"Kitchen IN\" and the sushi restaurant \"Captain Sushi\". If you're a craft beer lover, you're sure to appreciate the offering of \"Br\u016bzis Manufakt\u016bra\".","image":"103"}],"decorative_image":"104"},"title":"","video_url":"","mobile_video_url":"","energo_image":false,"decorative_image":false,"exterior_group":[],"interior_group":[],"details_group":[],"environment_group":[],"slider":[],"amenities_group":[],"technical_group":[],"partners_group":[]},"_links":{"self":[{"href":"https:\/\/hepsor.lv\/zalajugla\/wp-json\/wp\/v2\/pages\/1034","targetHints":{"allow":["GET"]}}],"collection":[{"href":"https:\/\/hepsor.lv\/zalajugla\/wp-json\/wp\/v2\/pages"}],"about":[{"href":"https:\/\/hepsor.lv\/zalajugla\/wp-json\/wp\/v2\/types\/page"}],"author":[{"embeddable":true,"href":"https:\/\/hepsor.lv\/zalajugla\/wp-json\/wp\/v2\/users\/1"}],"replies":[{"embeddable":true,"href":"https:\/\/hepsor.lv\/zalajugla\/wp-json\/wp\/v2\/comments?post=1034"}],"version-history":[{"count":0,"href":"https:\/\/hepsor.lv\/zalajugla\/wp-json\/wp\/v2\/pages\/1034\/revisions"}],"wp:featuredmedia":[{"embeddable":true,"href":"https:\/\/hepsor.lv\/zalajugla\/wp-json\/wp\/v2\/media\/417"}],"wp:attachment":[{"href":"https:\/\/hepsor.lv\/zalajugla\/wp-json\/wp\/v2\/media?parent=1034"}],"curies":[{"name":"wp","href":"https:\/\/api.w.org\/{rel}","templated":true}]}}