{"id":9,"date":"2024-09-02T08:02:32","date_gmt":"2024-09-02T08:02:32","guid":{"rendered":"https:\/\/hepsor.lv\/zalajugla\/?page_id=9"},"modified":"2026-01-07T11:19:45","modified_gmt":"2026-01-07T11:19:45","slug":"prices","status":"publish","type":"page","link":"https:\/\/hepsor.lv\/zalajugla\/prices\/","title":{"rendered":"Prices"},"content":{"rendered":"\n<p>V\u0113lies dz\u012bvot ezera krast\u0101? Piecos vienk\u0101r\u0161os so\u013cos, iepaz\u012bsti Za\u013c\u0101s Juglas projektu un uzzini vair\u0101k par savu sap\u0146u dz\u012bvokli!<\/p>\n","protected":false},"excerpt":{"rendered":"<p>V\u0113lies dz\u012bvot ezera krast\u0101? Piecos vienk\u0101r\u0161os so\u013cos, iepaz\u012bsti Za\u013c\u0101s Juglas projektu un uzzini vair\u0101k par savu sap\u0146u dz\u012bvokli!<\/p>\n","protected":false},"author":1,"featured_media":2182,"parent":0,"menu_order":0,"comment_status":"closed","ping_status":"closed","template":"page-templates\/price-page.php","meta":{"footnotes":""},"class_list":["post-9","page","type-page","status-publish","has-post-thumbnail","hentry"],"meta_box":{"environment_video_url":"","mobile_thumbnail":{"width":150,"height":150,"file":"2024\/12\/price_mob.png","filesize":1322415,"sizes":{"medium":{"file":"price_mob-260x300.png","width":260,"height":300,"mime-type":"image\/png","filesize":144904,"url":"https:\/\/hepsor.lv\/zalajugla\/wp-content\/uploads\/2024\/12\/price_mob-260x300.png"},"thumbnail":{"file":"price_mob-150x150.png","width":150,"height":150,"mime-type":"image\/png","filesize":45158,"url":"https:\/\/hepsor.lv\/zalajugla\/wp-content\/uploads\/2024\/12\/price_mob-150x150.png"},"medium_large":{"file":"price_mob-768x886.png","width":768,"height":886,"mime-type":"image\/png","filesize":1102516,"url":"https:\/\/hepsor.lv\/zalajugla\/wp-content\/uploads\/2024\/12\/price_mob-768x886.png"}},"image_meta":{"aperture":"0","credit":"","camera":"","caption":"","created_timestamp":"0","copyright":"","focal_length":"0","iso":"0","shutter_speed":"0","title":"","orientation":"0","keywords":[]},"ID":"516","name":"price_mob.png","path":"\/data03\/virt47869\/domeenid\/www.hepsor.ee\/lv\/zalajugla\/wp-content\/uploads\/2024\/12\/price_mob.png","url":"https:\/\/hepsor.lv\/zalajugla\/wp-content\/uploads\/2024\/12\/price_mob-150x150.png","full_url":"https:\/\/hepsor.lv\/zalajugla\/wp-content\/uploads\/2024\/12\/price_mob.png","title":"price_mob","caption":"","description":"","alt":"","srcset":false},"stats":[{"stat":"1.","description":"Izv\u0113lies \u0113ku"},{"stat":"2.","description":"Izv\u0113lies st\u0101vu"},{"stat":"3.","description":"Atlasi dz\u012bvokli tabul\u0101"},{"stat":"4.","description":"Apskati dz\u012bvok\u013ca pl\u0101nu"},{"stat":"5.","description":"Izv\u0113lies papildiesp\u0113jas"}],"building_stats":[{"stat":"3","description":"\u0112kas"},{"stat":"6","description":"St\u0101vi"},{"stat":"105","description":"Dz\u012bvok\u013ci"},{"stat":"<93,5 m2","description":"Plat\u012bba"},{"stat":"<8,2 m2","description":"Balkoni"}],"title_group":[],"attractions_group":[],"title":"","video_url":"","mobile_video_url":"","energo_image":false,"decorative_image":false,"exterior_group":[],"interior_group":[],"details_group":[],"environment_group":[],"slider":[],"amenities_group":[],"technical_group":[],"partners_group":[]},"_links":{"self":[{"href":"https:\/\/hepsor.lv\/zalajugla\/wp-json\/wp\/v2\/pages\/9","targetHints":{"allow":["GET"]}}],"collection":[{"href":"https:\/\/hepsor.lv\/zalajugla\/wp-json\/wp\/v2\/pages"}],"about":[{"href":"https:\/\/hepsor.lv\/zalajugla\/wp-json\/wp\/v2\/types\/page"}],"author":[{"embeddable":true,"href":"https:\/\/hepsor.lv\/zalajugla\/wp-json\/wp\/v2\/users\/1"}],"replies":[{"embeddable":true,"href":"https:\/\/hepsor.lv\/zalajugla\/wp-json\/wp\/v2\/comments?post=9"}],"version-history":[{"count":0,"href":"https:\/\/hepsor.lv\/zalajugla\/wp-json\/wp\/v2\/pages\/9\/revisions"}],"wp:featuredmedia":[{"embeddable":true,"href":"https:\/\/hepsor.lv\/zalajugla\/wp-json\/wp\/v2\/media\/2182"}],"wp:attachment":[{"href":"https:\/\/hepsor.lv\/zalajugla\/wp-json\/wp\/v2\/media?parent=9"}],"curies":[{"name":"wp","href":"https:\/\/api.w.org\/{rel}","templated":true}]}}